{"id":209,"date":"2024-12-16T11:43:51","date_gmt":"2024-12-16T19:43:51","guid":{"rendered":"http:\/\/generationkinetics.ca\/?page_id=209"},"modified":"2025-02-27T13:20:52","modified_gmt":"2025-02-27T21:20:52","slug":"news","status":"publish","type":"page","link":"https:\/\/voltaxplore.com\/?page_id=209","title":{"rendered":"News"},"content":{"rendered":"\n<div class=\"wp-block-query is-layout-flow wp-block-query-is-layout-flow\">\n<div style=\"height:50px\" aria-hidden=\"true\" class=\"wp-block-spacer\"><\/div>\n\n\n<ul class=\"wp-block-post-template is-layout-flow wp-block-post-template-is-layout-flow\"><li class=\"wp-block-post post-7939 post type-post status-publish format-standard has-post-thumbnail hentry category-uncategorized\">\n\n<div class=\"wp-block-media-text is-stacked-on-mobile\" style=\"grid-template-columns:28% auto\"><figure  class=\"wp-block-media-text__media\"><img fetchpriority=\"high\" decoding=\"async\" width=\"700\" height=\"703\" alt=\"\" src=\"https:\/\/voltaxplore.com\/wp-content\/uploads\/2025\/12\/2025-12-09-11_20_58-NVV-histoire-VoltaXplore-PowerPoint.png\" class=\"wp-image-7940 size-full\" srcset=\"https:\/\/voltaxplore.com\/wp-content\/uploads\/2025\/12\/2025-12-09-11_20_58-NVV-histoire-VoltaXplore-PowerPoint.png 700w, https:\/\/voltaxplore.com\/wp-content\/uploads\/2025\/12\/2025-12-09-11_20_58-NVV-histoire-VoltaXplore-PowerPoint-300x300.png 300w, https:\/\/voltaxplore.com\/wp-content\/uploads\/2025\/12\/2025-12-09-11_20_58-NVV-histoire-VoltaXplore-PowerPoint-150x150.png 150w\" sizes=\"(max-width: 700px) 100vw, 700px\" \/><\/figure><div class=\"wp-block-media-text__content\"><h3 style=\"margin-bottom:var(--wp--preset--spacing--50);margin-top:var(--wp--preset--spacing--40);margin-right:0;\" class=\"has-link-color wp-elements-e3dd734c7779bc927ea91b3794de4d1d wp-block-post-title has-text-color has-tertiary-color has-large-font-size\"><a href=\"https:\/\/voltaxplore.com\/?p=7939\" target=\"_self\" >The Battery Show &#8211; Open Tech Forum Presentation<\/a><\/h3>\n\n<div style=\"margin-bottom:var(--wp--preset--spacing--40);\" class=\"wp-block-post-date\"><time datetime=\"2025-12-09T08:24:20-08:00\">December 9, 2025<\/time><\/div>\n\n<div class=\"wp-block-post-excerpt\"><p class=\"wp-block-post-excerpt__excerpt\">VoltaXplore present: Silicon AAM: From Mine to Sky Thursday, October 9th 1:00 PM &#8211; 1:30 PM Eastern Open Tech Forum, Booth 2850 <\/p><\/div>\n\n<a class=\"wp-block-read-more\" href=\"https:\/\/voltaxplore.com\/?p=7939\" target=\"_self\">Read more<span class=\"screen-reader-text\">: The Battery Show &#8211; Open Tech Forum Presentation<\/span><\/a><\/div><\/div>\n\n<\/li><li class=\"wp-block-post post-7922 post type-post status-publish format-standard has-post-thumbnail hentry category-uncategorized\">\n\n<div class=\"wp-block-media-text is-stacked-on-mobile\" style=\"grid-template-columns:28% auto\"><figure  class=\"wp-block-media-text__media\"><img decoding=\"async\" width=\"545\" height=\"461\" alt=\"\" src=\"https:\/\/voltaxplore.com\/wp-content\/uploads\/2025\/09\/Volatus_VoltaXplore.png\" class=\"wp-image-7924 size-full\" srcset=\"https:\/\/voltaxplore.com\/wp-content\/uploads\/2025\/09\/Volatus_VoltaXplore.png 545w, https:\/\/voltaxplore.com\/wp-content\/uploads\/2025\/09\/Volatus_VoltaXplore-300x254.png 300w\" sizes=\"(max-width: 545px) 100vw, 545px\" \/><\/figure><div class=\"wp-block-media-text__content\"><h3 style=\"margin-bottom:var(--wp--preset--spacing--50);margin-top:var(--wp--preset--spacing--40);margin-right:0;\" class=\"has-link-color wp-elements-e3dd734c7779bc927ea91b3794de4d1d wp-block-post-title has-text-color has-tertiary-color has-large-font-size\"><a href=\"https:\/\/voltaxplore.com\/?p=7922\" target=\"_self\" >Volatus Aerospace and VoltaXplore Sign LOI for Canadian-Made Battery Supply to Power Next-Gen Drones<\/a><\/h3>\n\n<div style=\"margin-bottom:var(--wp--preset--spacing--40);\" class=\"wp-block-post-date\"><time datetime=\"2025-09-30T08:13:37-07:00\">September 30, 2025<\/time><\/div>\n\n<div class=\"wp-block-post-excerpt\"><p class=\"wp-block-post-excerpt__excerpt\">Volatus Aerospace Inc. &#8211;&nbsp;GlobeNewswire&nbsp;&#8211;&nbsp;Tue Sep 30, 6:30AM CDT MONTREAL, Sept. 30, 2025 (GLOBE NEWSWIRE) &#8212; Volatus Aerospace Inc. (TSXV: FLT) (OTCQB: TAKOF) (FSE: ABB.F), a Canadian leader in aerial intelligence and unmanned aircraft systems, and VoltaXplore Inc., a high-performance lithium-ion battery manufacturer and subsidiary of NanoXplore Inc. (TSX: GRA) (OTCQX: NNXPF), are pleased to announce&hellip; <\/p><\/div>\n\n<a class=\"wp-block-read-more\" href=\"https:\/\/voltaxplore.com\/?p=7922\" target=\"_self\">Read more<span class=\"screen-reader-text\">: Volatus Aerospace and VoltaXplore Sign LOI for Canadian-Made Battery Supply to Power Next-Gen Drones<\/span><\/a><\/div><\/div>\n\n<\/li><li class=\"wp-block-post post-7902 post type-post status-publish format-standard has-post-thumbnail hentry category-uncategorized\">\n\n<div class=\"wp-block-media-text is-stacked-on-mobile\" style=\"grid-template-columns:28% auto\"><figure  class=\"wp-block-media-text__media\"><img decoding=\"async\" width=\"1040\" height=\"688\" alt=\"\" src=\"https:\/\/voltaxplore.com\/wp-content\/uploads\/2025\/03\/PANEL-8-NICOLAS-VEILLEUX-e1742844862754.png\" class=\"wp-image-7903 size-full\" srcset=\"https:\/\/voltaxplore.com\/wp-content\/uploads\/2025\/03\/PANEL-8-NICOLAS-VEILLEUX-e1742844862754.png 1040w, https:\/\/voltaxplore.com\/wp-content\/uploads\/2025\/03\/PANEL-8-NICOLAS-VEILLEUX-e1742844862754-300x198.png 300w, https:\/\/voltaxplore.com\/wp-content\/uploads\/2025\/03\/PANEL-8-NICOLAS-VEILLEUX-e1742844862754-1024x677.png 1024w, https:\/\/voltaxplore.com\/wp-content\/uploads\/2025\/03\/PANEL-8-NICOLAS-VEILLEUX-e1742844862754-768x508.png 768w, https:\/\/voltaxplore.com\/wp-content\/uploads\/2025\/03\/PANEL-8-NICOLAS-VEILLEUX-e1742844862754-600x397.png 600w\" sizes=\"(max-width: 1040px) 100vw, 1040px\" \/><\/figure><div class=\"wp-block-media-text__content\"><h3 style=\"margin-bottom:var(--wp--preset--spacing--50);margin-top:var(--wp--preset--spacing--40);margin-right:0;\" class=\"has-link-color wp-elements-e3dd734c7779bc927ea91b3794de4d1d wp-block-post-title has-text-color has-tertiary-color has-large-font-size\"><a href=\"https:\/\/voltaxplore.com\/?p=7902\" target=\"_self\" >Impulsion 2025 &#8211; Gestion des batteries en fin de vie : recyclage et solutions<\/a><\/h3>\n\n<div style=\"margin-bottom:var(--wp--preset--spacing--40);\" class=\"wp-block-post-date\"><time datetime=\"2025-03-24T12:23:42-07:00\">March 24, 2025<\/time><\/div>\n\n<div class=\"wp-block-post-excerpt\"><p class=\"wp-block-post-excerpt__excerpt\">13H30 \u00c0 14H15&nbsp;\u2015 GESTION DES BATTERIES EN FIN DE VIE: RECYCLAGE ET SOLUTIONS&nbsp;Panel PANEL 8 : La gestion des batteries en fin de vie est un enjeu cl\u00e9 pour garantir une transition \u00e9nerg\u00e9tique durable, en optimisant leur cycle de vie et en r\u00e9duisant l\u2019impact environnemental. Ce panel discutera des solutions innovantes de recyclage, de r\u00e9utilisation,&hellip; <\/p><\/div>\n\n<a class=\"wp-block-read-more\" href=\"https:\/\/voltaxplore.com\/?p=7902\" target=\"_self\">Read more<span class=\"screen-reader-text\">: Impulsion 2025 &#8211; Gestion des batteries en fin de vie : recyclage et solutions<\/span><\/a><\/div><\/div>\n\n<\/li><li class=\"wp-block-post post-299 post type-post status-publish format-standard has-post-thumbnail hentry category-uncategorized\">\n\n<div class=\"wp-block-media-text is-stacked-on-mobile\" style=\"grid-template-columns:28% auto\"><figure  class=\"wp-block-media-text__media\"><img loading=\"lazy\" decoding=\"async\" width=\"800\" height=\"800\" alt=\"\" src=\"https:\/\/voltaxplore.com\/wp-content\/uploads\/2024\/12\/1726249599283.jpg\" class=\"wp-image-300 size-full\"><\/figure><div class=\"wp-block-media-text__content\"><h3 style=\"margin-bottom:var(--wp--preset--spacing--50);margin-top:var(--wp--preset--spacing--40);margin-right:0;\" class=\"has-link-color wp-elements-e3dd734c7779bc927ea91b3794de4d1d wp-block-post-title has-text-color has-tertiary-color has-large-font-size\"><a href=\"https:\/\/voltaxplore.com\/?p=299\" target=\"_self\" >VoltaXplore at The Battery Show North America<\/a><\/h3>\n\n<div style=\"margin-bottom:var(--wp--preset--spacing--40);\" class=\"wp-block-post-date\"><time datetime=\"2024-12-17T09:20:17-08:00\">December 17, 2024<\/time><\/div>\n\n<div class=\"wp-block-post-excerpt\"><p class=\"wp-block-post-excerpt__excerpt\">We&#8217;re excited to share that hashtag#VoltaXplore will be showcasing its innovations at The Battery Show North America 2024, happening in Detroit, MI from October 7th to 10th. Join us as we unveil our next-generation high-performance Li-ion battery cells, including our premium Canadian 21700 cells equipped with Advanced SiG&#x2122;\u00a0Technology. Designed to elevate power performance and more,&hellip; <\/p><\/div>\n\n<a class=\"wp-block-read-more\" href=\"https:\/\/voltaxplore.com\/?p=299\" target=\"_self\">Read more<span class=\"screen-reader-text\">: VoltaXplore at The Battery Show North America<\/span><\/a><\/div><\/div>\n\n<\/li><li class=\"wp-block-post post-7910 post type-post status-publish format-standard has-post-thumbnail hentry category-uncategorized\">\n\n<div class=\"wp-block-media-text is-stacked-on-mobile\" style=\"grid-template-columns:28% auto\"><figure  class=\"wp-block-media-text__media\"><img loading=\"lazy\" decoding=\"async\" width=\"1023\" height=\"1023\" alt=\"\" src=\"https:\/\/voltaxplore.com\/wp-content\/uploads\/2025\/04\/484441247_968424948731776_4895850370592469049_n-e1743614427121.jpg\" class=\"wp-image-7911 size-full\"><\/figure><div class=\"wp-block-media-text__content\"><h3 style=\"margin-bottom:var(--wp--preset--spacing--50);margin-top:var(--wp--preset--spacing--40);margin-right:0;\" class=\"has-link-color wp-elements-e3dd734c7779bc927ea91b3794de4d1d wp-block-post-title has-text-color has-tertiary-color has-large-font-size\"><a href=\"https:\/\/voltaxplore.com\/?p=7910\" target=\"_self\" >ADM Montr\u00e9al: Battery Cell Dry and Wet Process &#8211; Smart Gigafactory Design<\/a><\/h3>\n\n<div style=\"margin-bottom:var(--wp--preset--spacing--40);\" class=\"wp-block-post-date\"><time datetime=\"2024-11-14T10:18:48-08:00\">November 14, 2024<\/time><\/div>\n\n<div class=\"wp-block-post-excerpt\"><p class=\"wp-block-post-excerpt__excerpt\">Battery Cell Dry and Wet Process With the rapid growth in energy storage demands, manufacturers are striving to improve the efficiency and scalability of lithium-ion battery production. This session will explore the current state of manufacturing at VoltaXplore, where we utilize a wet electrode process, and our plans to scale production to 2GWh. We&#8217;ll take&hellip; <\/p><\/div>\n\n<a class=\"wp-block-read-more\" href=\"https:\/\/voltaxplore.com\/?p=7910\" target=\"_self\">Read more<span class=\"screen-reader-text\">: ADM Montr\u00e9al: Battery Cell Dry and Wet Process &#8211; Smart Gigafactory Design<\/span><\/a><\/div><\/div>\n\n<\/li><li class=\"wp-block-post post-7811 post type-post status-publish format-standard has-post-thumbnail hentry category-uncategorized\">\n\n<div class=\"wp-block-media-text is-stacked-on-mobile\" style=\"grid-template-columns:28% auto\"><figure  class=\"wp-block-media-text__media\"><img loading=\"lazy\" decoding=\"async\" width=\"400\" height=\"250\" alt=\"\" src=\"https:\/\/voltaxplore.com\/wp-content\/uploads\/2024\/11\/Project-Arrow-prototype-hits-CES-image.jpg\" class=\"wp-image-7833 size-full\" srcset=\"https:\/\/voltaxplore.com\/wp-content\/uploads\/2024\/11\/Project-Arrow-prototype-hits-CES-image.jpg 400w, https:\/\/voltaxplore.com\/wp-content\/uploads\/2024\/11\/Project-Arrow-prototype-hits-CES-image-300x188.jpg 300w\" sizes=\"(max-width: 400px) 100vw, 400px\" \/><\/figure><div class=\"wp-block-media-text__content\"><h3 style=\"margin-bottom:var(--wp--preset--spacing--50);margin-top:var(--wp--preset--spacing--40);margin-right:0;\" class=\"has-link-color wp-elements-e3dd734c7779bc927ea91b3794de4d1d wp-block-post-title has-text-color has-tertiary-color has-large-font-size\"><a href=\"https:\/\/voltaxplore.com\/?p=7811\" target=\"_self\" >Project Arrow gets further funding, sports graphene-based battery by VoltaXplore<\/a><\/h3>\n\n<div style=\"margin-bottom:var(--wp--preset--spacing--40);\" class=\"wp-block-post-date\"><time datetime=\"2024-11-13T12:55:57-08:00\">November 13, 2024<\/time><\/div>\n\n<div class=\"wp-block-post-excerpt\"><p class=\"wp-block-post-excerpt__excerpt\">Project Arrow\u00a0aims to develop an all-electric SUV concept with autonomous driving capabilities, and is a collaboration between nearly 60 different companies in Canada (led by the Automotive Parts Manufacturers\u2019 Association (APMA)). In 2023, at the CES (Consumer Electronics Show) event in Las Vegas,\u00a0a fully operational prototype was unveiled. Now, the Canadian government announced a new&hellip; <\/p><\/div>\n\n<a class=\"wp-block-read-more\" href=\"https:\/\/voltaxplore.com\/?p=7811\" target=\"_self\">Read more<span class=\"screen-reader-text\">: Project Arrow gets further funding, sports graphene-based battery by VoltaXplore<\/span><\/a><\/div><\/div>\n\n<\/li><li class=\"wp-block-post post-7837 post type-post status-publish format-standard has-post-thumbnail hentry category-uncategorized\">\n\n<div class=\"wp-block-media-text is-stacked-on-mobile\" style=\"grid-template-columns:28% auto\"><figure  class=\"wp-block-media-text__media\"><img decoding=\"async\" alt=\"\" src=\"https:\/\/voltaxplore.com\/wp-content\/uploads\/2023\/03\/martinrea-logo-1.svg\" class=\"wp-image-7840 size-full\"><\/figure><div class=\"wp-block-media-text__content\"><h3 style=\"margin-bottom:var(--wp--preset--spacing--50);margin-top:var(--wp--preset--spacing--40);margin-right:0;\" class=\"has-link-color wp-elements-e3dd734c7779bc927ea91b3794de4d1d wp-block-post-title has-text-color has-tertiary-color has-large-font-size\"><a href=\"https:\/\/voltaxplore.com\/?p=7837\" target=\"_self\" >NanoXplore Announces Purchase of Martinrea International\u2019s Stake in VoltaXplore and Confirms Extension of Their Graphene Commercial Agreement<\/a><\/h3>\n\n<div style=\"margin-bottom:var(--wp--preset--spacing--40);\" class=\"wp-block-post-date\"><time datetime=\"2023-03-27T13:44:36-07:00\">March 27, 2023<\/time><\/div>\n\n<div class=\"wp-block-post-excerpt\"><p class=\"wp-block-post-excerpt__excerpt\">Press Release Montreal, Quebec&nbsp; \u2013 NanoXplore Inc. (\u201cNanoXplore\u201d or \u201cthe Corporation\u201d) (TSX: GRA and OTCQX: NNXPF), a world-leading graphene company, and Martinrea International Inc. (\u201cMartinrea\u201d), a diversified and global automotive supplier engaged in the design, development and manufacturing of highly engineered, value-added Lightweight Structures and Propulsion Systems, through its subsidiary, Martinrea Innovation Developments Inc. (\u201cMartinrea&hellip; <\/p><\/div>\n\n<a class=\"wp-block-read-more\" href=\"https:\/\/voltaxplore.com\/?p=7837\" target=\"_self\">Read more<span class=\"screen-reader-text\">: NanoXplore Announces Purchase of Martinrea International\u2019s Stake in VoltaXplore and Confirms Extension of Their Graphene Commercial Agreement<\/span><\/a><\/div><\/div>\n\n<\/li><\/ul>\n\n\n<div style=\"height:17px\" aria-hidden=\"true\" class=\"wp-block-spacer\"><\/div>\n\n\n\n\n\n<div style=\"height:50px\" aria-hidden=\"true\" class=\"wp-block-spacer\"><\/div>\n<\/div>\n","protected":false},"excerpt":{"rendered":"","protected":false},"author":1,"featured_media":0,"parent":0,"menu_order":4,"comment_status":"closed","ping_status":"closed","template":"no-title","meta":{"footnotes":""},"class_list":["post-209","page","type-page","status-publish","hentry"],"mb":[],"featured_media_urls":[],"mfb_rest_fields":["title","gutenberg_elementor_mode","featured_media_urls"],"_links":{"self":[{"href":"https:\/\/voltaxplore.com\/index.php?rest_route=\/wp\/v2\/pages\/209","targetHints":{"allow":["GET"]}}],"collection":[{"href":"https:\/\/voltaxplore.com\/index.php?rest_route=\/wp\/v2\/pages"}],"about":[{"href":"https:\/\/voltaxplore.com\/index.php?rest_route=\/wp\/v2\/types\/page"}],"author":[{"embeddable":true,"href":"https:\/\/voltaxplore.com\/index.php?rest_route=\/wp\/v2\/users\/1"}],"replies":[{"embeddable":true,"href":"https:\/\/voltaxplore.com\/index.php?rest_route=%2Fwp%2Fv2%2Fcomments&post=209"}],"version-history":[{"count":19,"href":"https:\/\/voltaxplore.com\/index.php?rest_route=\/wp\/v2\/pages\/209\/revisions"}],"predecessor-version":[{"id":7831,"href":"https:\/\/voltaxplore.com\/index.php?rest_route=\/wp\/v2\/pages\/209\/revisions\/7831"}],"wp:attachment":[{"href":"https:\/\/voltaxplore.com\/index.php?rest_route=%2Fwp%2Fv2%2Fmedia&parent=209"}],"curies":[{"name":"wp","href":"https:\/\/api.w.org\/{rel}","templated":true}]}}